l) = 5*l - 23. Determine c(3).
-8
Let k(o) = 2*o**2 - o + 16. Give k(6).
82
Let v(k) = -2*k + 2. Determine v(9).
-16
Let n(i) = -23*i**3. What is n(-1)?
23
Let p(u) = u**3 + 5*u**2 + 6*u. Give p(-4).
-8
Let p(k) = -2*k**2 - 10*k - 11. Determine p(-4).
-3
Let x(o) = o**3 + 8*o**2 - o - 28. What is x(-8)?
-20
Let b(l) = -2*l - 28. Calculate b(-15).
2
Let p(d) = -d**2 + 15*d + 1. Give p(11).
45
Let k(x) = x**2 + x. Calculate k(5).
30
Let u(k) = k**2 + 21*k + 43. Give u(-18).
-11
Let m(k) = -6*k + 27. What is m(7)?
-15
Let i(f) = -f**3 + f**2 + 4*f + 2. Calculate i(-2).
6
Let d(r) = r**3 + 6*r**2 + 7*r + 3. Calculate d(-5).
-7
Let q(d) = d**2 - 3*d - 21. What is q(-3)?
-3
Let w(y) = -2*y**3 + 11*y**2 - 6*y - 2. What is w(5)?
-7
Let d(x) = -x**2 - 15*x + 36. Give d(2).
2
Let f(x) = -x**3 - 10*x**2 - 5*x. Determine f(-9).
-36
Let t(a) = a**2 - 10*a - 10. What is t(6)?
-34
Let q(v) = -v**3 - 4*v**2 + 7*v + 7. What is q(-4)?
-21
Let r(q) = -q**3 + 6*q**2 + 2*q - 11. Calculate r(6).
1
Let l(r) = 14*r + 63. Give l(-4).
7
Let q(v) = v**3 - 13*v**2 + 9*v + 22. Determine q(12).
-14
Let g(r) = 3*r**2 + 13*r + 2. Determine g(-5).
12
Let d(k) = -k**2 + 41*k + 231. Give d(46).
1
Let n(s) = -2*s**2 - 8*s + 34. Calculate n(3).
-8
Let d(b) = -b**3 + 9*b**2 + 9*b. What is d(10)?
-10
Let f(p) = 15*p**3 - p**2 - p. Determine f(-1).
-15
Let g(j) = -9*j**2 - 37*j - 9. What is g(-4)?
-5
Let q(g) = -g**2 + 7*g - 11. What is q(2)?
-1
Let q(h) = 2*h**2 + 5*h + 2. Give q(-3).
5
Let b(m) = -m**3 - 18*m**2 - 15*m + 23. Determine b(-17).
-11
Let v(u) = u + 6. What is v(-4)?
2
Let q(k) = k**2 - 18*k + 10. What is q(15)?
-35
Let k(x) = x**2 + 4*x - 32. Give k(-13).
85
Let g(x) = -5*x**3 - 2*x**2 + 16*x + 19. What is g(-1)?
6
Let q(r) = -r**2 + 5. What is q(3)?
-4
Let f(a) = a**2 + 5*a + 13. Determine f(-6).
19
Let n(z) = -37*z + 1. What is n(-3)?
112
Let o(i) = -i**3 + i**2 - 5*i - 17. What is o(0)?
-17
Let j(l) = -l**3 - 17*l**2 - 12*l + 71. Determine j(-16).
7
Let x(w) = -16*w - 1. Give x(-1).
15
Let r(p) = -3*p + 6. Determine r(6).
-12
Let s(z) = -2*z**2 + 15*z + 5. What is s(8)?
-3
Let f(w) = w**3 + 13*w**2 + 13*w + 15. Give f(-12).
3
Let i(k) = k**3 - 11*k**2 - 21*k - 71. Calculate i(13).
-6
Let f(w) = 3*w**2 - 35*w - 10. Give f(12).
2
Let m(k) = k**3 - 2*k**2 - 14*k + 12. Determine m(5).
17
Let r(p) = -p**3 - 2*p**2 - 3*p + 4. What is r(-3)?
22
Let g(r) = -r + 17. What is g(8)?
9
Let u(s) = s**3 - 9*s**2 - 15*s + 8. Calculate u(11).
85
Let g(r) = r**2 - 10*r + 17. Determine g(3).
-4
Let d(t) = 2*t + 5. Give d(7).
19
Let k(f) = -3*f + 42. Determine k(16).
-6
Let x(s) = -2*s + 22. Give x(9).
4
Let k(o) = o**2 - 6*o - 6. Calculate k(8).
10
Let u(i) = 15*i**2 + 41*i - 3. What is u(-3)?
9
Let m(f) = -f**2 - f + 5. Give m(-5).
-15
Let g(f) = f**2 + 6*f - 64. Determine g(6).
8
Let m(h) = -h**2 + h - 7. Determine m(0).
-7
Let h(y) = 30*y - 64. Calculate h(3).
26
Let w(j) = 5*j - 1. What is w(4)?
19
Let h(g) = g**2 - 2*g - 27. Calculate h(-5).
8
Let u(p) = 3*p**3 - p**2 - 6*p + 5. Calculate u(2).
13
Let o(p) = 3*p**2 - 57*p + 58. Give o(18).
4
Let p(k) = k**2 - 6*k + 7. What is p(2)?
-1
Let u(s) = -s**3 - 10*s**2 - 12*s - 6. Give u(-9).
21
Let b(k) = -2*k - 13. Calculate b(-10).
7
Let f(i) = -2*i - 31. What is f(-9)?
-13
Let b(n) = -n**2 + 4. What is b(-3)?
-5
Let y(n) = -6*n + 27. Give y(6).
-9
Let y(w) = -w + 12. What is y(7)?
5
Let c(m) = 2*m**2 - 18*m - 176. Calculate c(15).
4
Let t(v) = -9*v - 15. Calculate t(-10).
75
Let n(f) = f**3 - 22*f**2 - 22*f - 18. Give n(23).
5
Let d(h) = -h**3 + 6*h**2 - h + 13. What is d(6)?
7
Let r(x) = x**3 + 10*x**2 + 11*x + 18. What is r(-9)?
0
Let d(i) = -i**3 - 11*i**2 + 13*i + 9. Calculate d(-12).
-3
Let o(d) = d**2 + 7*d + 5. Determine o(-4).
-7
Let q(l) = -l - 41. Give q(-4).
-37
Let t(x) = -194*x - 774. Give t(-4).
2
Let v(d) = -d**3 + 2*d**2 - d - 4. Determine v(0).
-4
Let c(x) = x**3 + 31*x**2 + 106*x - 55. Determine c(-27).
-1
Let w(s) = s**2 - 22*s + 109. Calculate w(17).
24
Let g(d) = -d - 11. Calculate g(-7).
-4
Let n(k) = 6*k**2 - 20*k + 2. Determine n(3).
-4
Let d(m) = m**2 - 3*m - 133. Determine d(-10).
-3
Let h(s) = -2*s**2 - 82*s. What is h(-41)?
0
Let u(y) = y**3 + 8*y**2 - 7. What is u(-8)?
-7
Let g(m) = m**3 - 4*m**2 - 15. Calculate g(4).
-15
Let z(s) = s - 19. Give z(8).
-11
Let p(s) = -s**3 + 12*s**2 + 15*s - 25. What is p(13)?
1
Let p(c) = -c**3 - 6*c**2 + 15*c + 8. Give p(-8).
16
Let a(c) = -c**3 + 2*c**2. What is a(5)?
-75
Let y(j) = 3*j**2 + 3*j - 1. What is y(2)?
17
Let k(b) = 7*b + 5. What is k(-5)?
-30
Let o(z) = -3*z**3 - 41*z**2 + 14*z - 5. Give o(-14).
-5
Let s(p) = -p**3 - 10*p**2 - 6*p + 13. Calculate s(-9).
-14
Let v(z) = 2*z**2 - 3*z + 3. Determine v(4).
23
Let c(r) = -2*r + 3. Determine c(8).
-13
Let s(y) = -y**3 + 33*y**2 - 62*y + 3. Calculate s(31).
3
Let r(y) = -2*y + 7. Calculate r(7).
-7
Let u(g) = 136*g - 1218. What is u(9)?
6
Let u(h) = -2*h - 8. Give u(2).
-12
Let u(i) = 2*i**2 - i - 6. Give u(0).
-6
Let k(f) = -9*f**2 - 124*f + 2. Determine k(-14).
-26
Let x(s) = -24*s - 3. Calculate x(-2).
45
Let u(b) = 2*b**2 + 35*b + 4. What is u(-18)?
22
Let q(o) = 10*o - 4. Determine q(5).
46
Let o(l) = l**3 - 6*l**2 - 1. What is o(6)?
-1
Let p(v) = -v + 8. Give p(7).
1
Let g(c) = c**2 - 10*c + 42. Calculate g(4).
18
Let s(i) = i - 7. Calculate s(-6).
-13
Let c(k) = 8*k + 99. Give c(-13).
-5
Let f(z) = 4*z - 2. What is f(2)?
6
Let l(p) = p**3 - 11*p**2 + 3*p + 17. Determine l(10).
-53
Let r(d) = -d**2 + d + 3. What is r(-3)?
-9
Let f(g) = -2*g**3 - g**2 + 6*g + 2. Give f(3).
-43
Let k(c) = -c**2 - 3*c. Calculate k(-4).
-4
Let s(n) = 4*n**2 - 40*n. Calculate s(7).
-84
Let n(w) = w**3 - 6*w**2 - 2*w - 13. What is n(7)?
22
Let i(l) = -l**3 + 8*l**2 - 16*l + 1. Calculate i(5).
-4
Let r(f) = -f**3 - 22*f**2 - 36*f + 78. What is r(-20)?
-2
Let g(a) = 7*a**2 - 4*a + 5. Determine g(2).
25
Let t(i) = -4*i + 7. What is t(-2)?
15
Let m(n) = -43*n + 257. What is m(6)?
-1
Let g(u) = -u**2 + 7*u - 6. Calculate g(5).
4
Let g(k) = 35*k. What is g(-2)?
-70
Let t(w) = 2*w - 2. Determine t(9).
16
Let w(u) = -u + 3. Calculate w(5).
-2
Let k(x) = 3*x**3 - 4*x**2 + 2*x. Determine k(3).
51
Let x(t) = -10*t + 50. Calculate x(5).
0
Let o(f) = 24*f - 154. What is o(6)?
-10
Let c(a) = a**2 + a. Determine c(0).
0
Let c(j) = 2*j**3 - 2*j**2 + 3*j - 9. Give c(2).
5
Let u(q) = -q**3 - 13*q**2. What is u(-13)?
0
Let j(r) = -2*r**2 - 11*r + 14. Give j(-7).
-7
Let t(f) = -2*f**2 + 50*f + 41. What is t(26)?
-11
Let y(a) = -a**3 - 3*a**2 - 3*a - 9. What is y(-3)?
0
Let u(t) = t**2 - t + 2. Give u(4).
14
Let x(f) = f**2 - 2*f - 3. Give x(-2).
5
Let d(f) = f**3 - 8*f + 14. Calculate d(3).
17
Let j(m) = 3*m**2 - 3*m - 6. Give j(-5).
84
Let w(l) = -l**3 - 6*l**2 - 6*l + 12. Determine w(-3).
3
Let p(j) = 12*j + 62. Calculate p(-8).
-34
Let i(y) = y**3 - 11*y**2 - 7. Calculate i(11).
-7
Let j(z) = 5*z + 28. Determine j(-6).
-2
Let y(k) = -k**2 + 41*k + 444. Calculate y(-9).
-6
Let t(r) = -r - 7. Give t(0).
-7
Let l(z) = -z**2 + 8*z - 24. Give l(6).
-12
Let j(z) = z**3 - 9*z**2 + 16*z - 10. Calculate j(6).
-22
Let h(r) = -2*r**2 + 6*r - 1. Give h(3).
-1
Let a(p) = -p**3 - 13*p**2 - 3. What is a(-13)?
-3
Let w(y) = 161*y**3 + 2*y**2 - 1. Determine w(-1).
-160
Let z(w) = -w**2 - 2*w + 72. What is z(-10)?
-8
Let z(m) = -m**2 + 4*m + 2. What is z(5)?
-3
Let k(b) = b**3 + 9*b**2 + 6*b - 9. Determine k(-7).
47
Let d(t) = -t**3 - 5*t**2 + 14*t - 7. Calculate d(-7).
-7
Let a(s) = -5*s + 74. What is a(17)?
-11
Let a(b) = -6*b**2 - 5*b - 4. Give a(-3).
-43
Let v(f) = -12*f - 6. Determine v(4).
-54
Let u(w) = 5*w - 28. Give u(7).
7
Let l(c) = c**3 + c + 38. Determine l(0).
38
Let z(r) = r**3 + 2*r**2 + 3*r + 2. Calculate z(-1).
0
Let j(g) = -2*g**2 + 20*g - 21. Give j(9).
-3
Let m(n) = 30*n**2 - n - 2. Calculate m(-1).
29
Let g(b) = -b**3 - 15*b**2 - b + 9. What is g(-15)?
24
Let i(v) = 2*v + 30. Determine i(-20).
-10
Let y(k) = -2*k**2 + 32*k - 21. Give y(15).
9
Let d(x) = -x**3 - 33*x**2 - 27*x + 169. Calculate d(-32).
9
Let g(x) = 28*x + 83. Determine g(-3).
-1
Let d(o) = 22*o - 815. Determine d(38).
21
Let q(b) = b**2 - 2*b + 2. Determine q(5).
17
Let j(b) = -b**2 + 30. What is j(5)?
5
Let r(l) = 4*l**3 - 4*l**2 - 5*l - 1. Determine r(-1).
-4
Let z(s) = 2